 k(v) = -v**3 - v + 3. Let l be k(0). Suppose 6*t - l*t = 114. List the prime factors of t.
2, 19
Suppose 37 = -6*x + 2095. What are the prime factors of x?
7
Let w(p) = 0*p**2 + 9*p - 4*p**2 - 3 + 3*p**2. What are the prime factors of w(6)?
3, 5
Let m(v) = 2*v. Let q be m(12). Let z = q - 15. Let t = z - 0. What are the prime factors of t?
3
Let m = -42 - -105. What are the prime factors of m?
3, 7
Let y(s) = -s + 18. What are the prime factors of y(9)?
3
Let c = -185 - -319. List the prime factors of c.
2, 67
Let i(n) = -n**3 + 9*n**2 - 7*n - 6. Let q be i(8). Suppose 3*g = -2*u + 2 + 15, g = 2*u - 13. Let h = q + u. What are the prime factors of h?
3
Let t(z) = -z**2 + 2*z + 2. Let m be t(2). Let j be 2/(-8)*(-8)/m. Let n(v) = 9*v**2 - v. What are the prime factors of n(j)?
2
Suppose -5*k - 10 = -3*l, 3*k + 8 = -k. Suppose d - m = 23, -4*m - 8 = -l*d - d. What are the prime factors of d?
2, 7
Let r(y) = -y**2 + 34*y + 30. What are the prime factors of r(33)?
3, 7
Let x(n) = 2*n - 7. Let k(g) = 6*g**3 + 2*g**2 - 1. Let r be k(1). Let y be x(r). Let f = y + -1. What are the prime factors of f?
2, 3
Suppose -81 = -3*g - 0*g. Let m = 54 - g. List the prime factors of m.
3
What are the prime factors of ((-9708)/(-33) - -1) + 2/(-11)?
5, 59
Suppose -15*q - 250 = -2320. List the prime factors of q.
2, 3, 23
Let q(h) = 6*h**2 - 7*h + 13. What are the prime factors of q(6)?
11, 17
Let q(i) = -5*i**2 - 5*i - 2. Let y(d) be the third derivative of d**5/60 + d**4/24 + 2*d**2. Let r(n) = q(n) + 6*y(n). List the prime factors of r(-4).
2, 5
Suppose 5*z - 2*z - 12 = 0. Let s = -1 + z. Suppose s*o - 28 = -1. List the prime factors of o.
3
Suppose 5*d + 2*l = -25, 2*l = -0 - 10. Let v = d - -6. List the prime factors of v.
3
Suppose -4*s + s + 18 = 0. Suppose -3*y + s*y - 36 = 0. What are the prime factors of y?
2, 3
Suppose 9 = 9*m - 6*m. What are the prime factors of m?
3
Suppose 0*d - 10 = -5*d. What are the prime factors of d?
2
Let h(q) = -q**2 - 22*q - 31. List the prime factors of h(-19).
2, 13
Suppose -71*r + 72*r - 185 = 0. What are the prime factors of r?
5, 37
Suppose -5*f = -95 - 65. What are the prime factors of f?
2
Let r(i) = -i**2 - 3*i + 3 + 2*i**2 - 2*i + 3*i. List the prime factors of r(6).
3
Let o be (-20)/2*(-1 - 3). Suppose -2*i + o = 3*i. Suppose 2*f = 6*f - b - i, 0 = -3*f + 5*b + 6. List the prime factors of f.
2
Suppose -3*o + 80 = -88. Let s = -6 - -10. Suppose t + 3*t = -s*z + o, -4*t = -z - 1. List the prime factors of z.
11
Suppose 2*p - w = 4 - 1, 4*p + 2*w = -6. Suppose l + 4*g - 29 = p, -5*g + 6 = l - 26. What are the prime factors of l?
17
Let t be 5 + 4/(6/(-3)). Let x = 2 + t. Let k = 3 + x. List the prime factors of k.
2
Let q be 1*30/3*7. Suppose -2*x + 64 = -n, 3*x + 6*n - q = n. Let b = x - 12. What are the prime factors of b?
2, 3
Suppose 2*l - 3*l - 3 = 0. Let w = l + 3. Suppose -2*f - 3 + 7 = w. What are the prime factors of f?
2
Let a(f) = f**2 + 5*f - 2. Let m = 13 - 9. List the prime factors of a(m).
2, 17
Let n = 25 + -56. Let q = -18 - n. List the prime factors of q.
13
Let l(f) = f + 6. Let r be l(-5). Let g be 26 + (r - (-2 - 0)). Suppose -3*s = -g - 13. What are the prime factors of s?
2, 7
Suppose -3*x + 2*x = 4*q - 135, -2 = 2*x. List the prime factors of q.
2, 17
List the prime factors of 93/(((-1)/3)/((-1)/3)).
3, 31
Let c be -22*1/((-2)/2). Suppose -c + 7 = -3*y. Suppose 3*o = -5*u + 9, 4*o + 17 = -2*u + y*u. What are the prime factors of u?
3
Suppose c = x - 21, 2*x - 43 = -0*x + c. List the prime factors of x.
2, 11
Let n(l) = 3*l**2 - 42*l - 30. List the prime factors of n(20).
2, 3, 5, 11
Suppose -89 = -4*f - 29. Let p = f + -6. What are the prime factors of p?
3
Suppose -4*v - c = -22, 0*v + v - 2*c - 1 = 0. Let r(f) be the third derivative of -f**5/60 + 5*f**4/24 + 7*f**3/6 + 2*f**2. What are the prime factors of r(v)?
7
Let i be (-5 - -3) + 3 - -3. Let u = 24 - i. List the prime factors of u.
2, 5
Suppose -b = -3*k - 20, -3*b + 2*k + 68 = k. What are the prime factors of b?
23
Suppose -5*f = -3*k - 383, 4*f + k - 39 = 264. What are the prime factors of f?
2, 19
Suppose 582 = 3*w - 3*z, -2*w - 5*z = 2*w - 803. List the prime factors of w.
197
Let v be ((-2)/5)/((-2)/10). Let p be (6/4)/(1/v). Suppose 0*s - 27 = -p*s. What are the prime factors of s?
3
Suppose 0 = 5*v - 4*f + 7*f - 73, -3*v + 44 = 2*f. List the prime factors of v.
2, 7
Let n = 39 - -22. What are the prime factors of n?
61
Let a(v) = -v**3 - 6*v**2 - v + 5. Let h be a(-4). What are the prime factors of (-3)/(-2) + h/(-2)?
13
Let q(m) = -2*m + 1. Let r be q(2). What are the prime factors of 38/r*(-24)/16?
19
Let o(g) = g + 4. Let c(z) = z + 5. Let n(m) = -5*c(m) + 6*o(m). Suppose -4*v = 2*v - 18. List the prime factors of n(v).
2
Let r(j) = -j**2 + 26*j - 3. List the prime factors of r(8).
3, 47
Suppose 0 = 4*w - 0*g - 5*g + 2, -12 = -5*w - g. Let r = 13 - w. Let y = r + 6. List the prime factors of y.
17
Let d be (-4)/1*(-14)/8. Let w be 6/9*(1 - d). What are the prime factors of (-50)/(-6) - w/6?
3
What are the prime factors of 1138/16 - (-5)/(-40)?
71
Suppose 5*g - 8 - 1 = 4*b, 5*g = 3*b + 8. List the prime factors of 9*(-1)/(0 + b).
3
Suppose 0 = 2*t - 19 - 53. What are the prime factors of t?
2, 3
Let o(h) = -h**2 + 4*h + 5. Let v = 3 + 0. Suppose v*l + l - 16 = 0. List the prime factors of o(l).
5
Suppose -4*f = -2*f + 2*s, 2*s + 24 = 4*f. What are the prime factors of f?
2
Let p(q) = -3*q**2 + 10*q + 2*q**3 - 11*q + 0 - 1 + 3. Let n be p(3). Suppose -n = 2*t - 4*t. List the prime factors of t.
13
Let q(t) = -t**3 + 4*t**2 + 2*t + 1. List the prime factors of q(4).
3
Let h(u) = -5*u - 18. List the prime factors of h(-7).
17
Let k(l) = 5*l**2 + 6*l + 2. What are the prime factors of k(-4)?
2, 29
Let o(c) = 2*c**3 + 2*c**2 + 3. Let t be o(3). What are the prime factors of ((-3)/(-5))/(5/t)?
3
Suppose -2*u + 4*u = -3*g + 30, -5*g = 5*u - 55. What are the prime factors of (-37)/(-5) + g/(-20)?
7
Let s = 35 - 23. List the prime factors of s.
2, 3
Let u = 142 - 23. List the prime factors of u.
7, 17
Let a = -4 - -9. Let c(r) = -r**2 - 7*r - 4. Let w be c(-6). Suppose o - w = a. List the prime factors of o.
7
Let v(a) = 4*a**3 - 2*a**2 - a + 1. Let x be (-4 + 2)*(-3 + 2). What are the prime factors of v(x)?
23
Let h(p) be the second derivative of p**4/12 + 7*p**3/6 - 2*p**2 + 2*p. List the prime factors of h(-9).
2, 7
Suppose 5*i + 10 = 10*i. Let c be 1 + 0 + (3 - 1). List the prime factors of c - (-3 - -1)/i.
2
Suppose -4*w = -8*w. Suppose -3*l = 0, 6*l - l - 24 = -4*y. Suppose w*v - v = -y. List the prime factors of v.
2, 3
Let l(t) = t**3 - 12*t**2 + 2*t - 16. Let o(h) = -h. Let q(m) = 13*m**2 + 2*m - 1. Let i(j) = 2*o(j) + q(j). Let g be i(1). List the prime factors of l(g).
2
Let t(m) = -m**3 - 5*m**2 - m. Let b be t(-5). What are the prime factors of 5/(-1)*(-3)/b?
3
Suppose -h + c = -0*c - 7, -3*c = 2*h - 19. Suppose 3*g - 10 = h. Let q = g + 6. What are the prime factors of q?
2, 3
Let q(i) = -i**2 - 4*i + 2. Let m be q(-4). What are the prime factors of m + -4 - -51 - -2?
3, 17
Let p(g) = 6*g**2 - 15*g - 19. What are the prime factors of p(10)?
431
Suppose 0 = 3*a - 4*n - 470, -3*a + 0*n - n = -460. What are the prime factors of a?
2, 7, 11
Suppose 0 = -4*k + 1 + 11. What are the prime factors of k?
3
What are the prime factors of ((-130)/(-35) - 4)*-7?
2
Let h(a) = 2*a - 3. Let c be h(4). Let d = c + -2. List the prime factors of d.
3
Let n = 8 + -6. Suppose 3*o = 2*t + 3*t - 150, n*t = -4*o + 86. List the prime factors of t.
3, 11
Let a = 0 + 11. Suppose -2*k = a - 77. List the prime factors of k.
3, 11
Suppose 4*j - 162 = 2*j - 4*p, -4*p = -16. What are the prime factors of j?
73
List the prime factors of 22 - (-1)/((-3)/(-3)).
23
Suppose 4 = -y, 0*v + 28 = 5*v - 2*y. Suppose 5*c - 18 = -v*l + 46, 5*l + 7 = c. List the prime factors of 4*(-3)/(-18)*c.
2
Let t be (3/(-9))/((-1)/6). Suppose -t*x + 0*x = -82. What are the prime factors of x?
41
Let y(m) = m - 13. Let z be y(12). Let q(c) = -24*c**3 - c**2 - c. What are the prime factors of q(z)?
2, 3
Suppose 0 = -3*w - 3*n + 114, -3*w - 5*n = -w - 88. Let y = w - 16. List the prime factors of y.
2, 3
Let z = -70 + 74. What are the prime factors of z?
2
Let n be (-2 - 0)